r of 120 and 780?
60
Calculate the highest common factor of 9 and 96.
3
What is the highest common divisor of 130 and 9360?
130
Calculate the greatest common divisor of 5208 and 56.
56
What is the highest common divisor of 639 and 9?
9
What is the highest common divisor of 155 and 31?
31
Calculate the highest common factor of 21 and 11361.
21
What is the highest common divisor of 104 and 52?
52
Calculate the highest common factor of 1806 and 14190.
258
What is the greatest common divisor of 14 and 26?
2
Calculate the highest common factor of 513 and 108.
27
Calculate the greatest common factor of 96 and 13152.
96
Calculate the greatest common divisor of 122 and 2.
2
What is the highest common divisor of 1336 and 16?
8
Calculate the highest common factor of 267 and 10235.
89
What is the highest common divisor of 417 and 3?
3
What is the highest common divisor of 88 and 396?
44
What is the highest common factor of 58710 and 6?
6
Calculate the greatest common divisor of 111 and 1480.
37
What is the highest common divisor of 20 and 3685?
5
Calculate the greatest common factor of 44 and 63932.
44
What is the highest common factor of 192 and 1968?
48
What is the highest common divisor of 324 and 48?
12
What is the highest common factor of 15579 and 27?
27
What is the highest common factor of 26433 and 1335?
267
Calculate the greatest common divisor of 18 and 28989.
9
Calculate the greatest common divisor of 364 and 56.
28
What is the greatest common factor of 2494 and 1624?
58
Calculate the highest common divisor of 24 and 25464.
24
Calculate the highest common divisor of 410 and 110.
10
Calculate the greatest common factor of 6 and 2118.
6
What is the greatest common factor of 1850 and 450?
50
What is the greatest common factor of 2052 and 95?
19
Calculate the greatest common factor of 25926 and 522.
174
Calculate the greatest common divisor of 6 and 21954.
6
What is the highest common divisor of 204 and 36?
12
Calculate the greatest common divisor of 88 and 572.
44
Calculate the greatest common factor of 3456 and 128.
128
What is the greatest common factor of 45 and 25?
5
What is the greatest common factor of 44 and 33?
11
Calculate the greatest common factor of 637 and 539.
49
What is the greatest common divisor of 45846 and 54?
54
Calculate the highest common factor of 13 and 221.
13
What is the highest common divisor of 918 and 9486?
306
Calculate the greatest common factor of 322 and 224.
14
Calculate the highest common factor of 26 and 260.
26
Calculate the highest common divisor of 102 and 1156.
34
What is the greatest common factor of 704 and 33?
11
Calculate the greatest common factor of 2597 and 49.
49
What is the greatest common divisor of 23 and 506?
23
Calculate the greatest common divisor of 41 and 82.
41
What is the greatest common divisor of 1539 and 19?
19
What is the highest common factor of 34 and 9027?
17
Calculate the highest common divisor of 18 and 228.
6
Calculate the highest common divisor of 39 and 4.
1
What is the highest common factor of 8477 and 49?
49
Calculate the greatest common divisor of 195 and 2235.
15
Calculate the greatest common factor of 1664 and 4264.
104
What is the highest common factor of 448 and 14?
14
What is the greatest common divisor of 80 and 3872?
16
Calculate the highest common factor of 21 and 24.
3
What is the highest common divisor of 7 and 2?
1
What is the greatest common divisor of 18 and 33678?
18
What is the greatest common divisor of 18312 and 504?
168
What is the highest common divisor of 50823 and 9?
9
What is the highest common factor of 27300 and 25?
25
Calculate the greatest common factor of 7 and 175.
7
Calculate the greatest common factor of 37 and 17131.
37
Calculate the greatest common divisor of 18356 and 353.
353
Calculate the greatest common factor of 64 and 48.
16
Calculate the highest common divisor of 26 and 26.
26
What is the highest common factor of 60 and 2868?
12
Calculate the highest common factor of 533 and 507.
13
What is the greatest common divisor of 2324 and 249?
83
Calculate the greatest common divisor of 3115 and 35.
35
Calculate the highest common divisor of 1904 and 204.
68
Calculate the highest common divisor of 2415 and 840.
105
Calculate the highest common factor of 93 and 155.
31
Calculate the highest common factor of 19926 and 9.
9
Calculate the highest common divisor of 66 and 4.
2
Calculate the highest common factor of 80 and 272.
16
Calculate the highest common factor of 18 and 11934.
18
What is the highest common factor of 39 and 2379?
39
Calculate the highest common factor of 564 and 156.
12
Calculate the highest common divisor of 55 and 1000.
5
Calculate the greatest common divisor of 747 and 18.
9
Calculate the greatest common factor of 3069 and 99.
99
What is the highest common factor of 1992 and 84?
12
What is the greatest common divisor of 70 and 3206?
14
What is the highest common factor of 700 and 2500?
100
What is the highest common factor of 24 and 444?
12
What is the highest common divisor of 2 and 45?
1
Calculate the greatest common factor of 188 and 108.
4
What is the highest common divisor of 188 and 1410?
94
What is the highest common divisor of 119240 and 220?
220
What is the highest common divisor of 10 and 10?
10
Calculate the highest common divisor of 352 and 1012.
44
Calculate the highest common factor of 56 and 16.
8
What is the highest common factor of 1096 and 8?
8
Calculate the greatest common factor of 803 and 1168.
73
Calculate the highest common divisor of 95 and 133.
19
What is the greatest common divisor of 33 and 15?
3
What is the highest common factor of 218 and 1090?
218
Calculate the highest common factor of 1809 and 1139.
67
What is the highest common factor of 1976 and 114?
38
Calculate the greatest common divisor of 7 and 56.
7
What is the highest common factor of 690 and 75?
15
What is the greatest common factor of 26 and 286?
26
Calculate the greatest common divisor of 32 and 8.
8
What is the highest common divisor of 45 and 315?
45
What is the greatest common divisor of 1840 and 60?
20
Calculate the highest common divisor of 31222 and 134.
134
Calculate the highest common factor of 3993 and 66.
33
Calculate the highest common divisor of 272 and 17.
17
What is the highest common divisor of 640 and 1040?
80
Calculate the greatest common divisor of 110 and 1166.
22
What is the greatest common divisor of 114 and 6?
6
Calculate the greatest common factor of 1360 and 68.
68
What is the highest common divisor of 45 and 36?
9
What is the greatest common divisor of 1146 and 18?
6
What is the highest common divisor of 27 and 2097?
9
What is the highest common factor of 50 and 80?
10
What is the greatest common factor of 35 and 115?
5
Calculate the greatest common divisor of 897 and 23.
23
Calculate the highest common divisor of 884 and 1404.
52
Calculate the greatest common factor of 1281 and 105.
21
What is the highest common factor of 42 and 672?
42
What is the greatest common divisor of 34 and 170?
34
Calculate the highest common divisor of 32 and 1352.
8
What is the greatest common factor of 78 and 72?
6
Calculate the greatest common factor of 90 and 4110.
30
Calculate the greatest common factor of 1863 and 23.
23
What is the highest common factor of 99 and 5907?
33
Calculate the highest common factor of 325 and 25.
25
What is the greatest common divisor of 7 and 1841?
7
Calculate the greatest common divisor of 1017 and 565.
113
Calculate the highest common divisor of 243 and 9.
9
What is the greatest common divisor of 195 and 225?
15
What is the highest common divisor of 153 and 2007?
9
Calculate the greatest common factor of 312 and 6656.
104
Calculate the highest common divisor of 690 and 16330.
230
What is the highest common factor of 8 and 12?
4
Calculate the highest common factor of 4 and 152.
4
What is the greatest common divisor of 48 and 70032?
48
Calculate the greatest common factor of 2 and 139.
1
Calculate the greatest common divisor of 26 and 832.
26
What is the greatest common divisor of 306 and 68?
34
What is the greatest common factor of 272 and 170?
34
What is the greatest common factor of 45 and 330?
15
Calculate the highest common factor of 5990 and 70.
10
Calculate the greatest common divisor of